0
What is the hundreds digit of 18625904?
9
What is the units digit of 22446105?
5
What is the units digit of 266338?
8
What is the hundreds digit of 7167270?
2
What is the ten millions digit of 10142961?
1
What is the thousands digit of 3181287?
1
What is the units digit of 1093653?
3
What is the hundreds digit of 156592?
5
What is the ten thousands digit of 1454452?
5
What is the units digit of 192189?
9
What is the thousands digit of 23144628?
4
What is the units digit of 3231222?
2
What is the hundreds digit of 1672555?
5
What is the hundred thousands digit of 1145381?
1
What is the tens digit of 5970439?
3
What is the tens digit of 22509659?
5
What is the hundreds digit of 256108?
1
What is the thousands digit of 7634019?
4
What is the hundred thousands digit of 6890460?
8
What is the ten thousands digit of 874646?
7
What is the hundred thousands digit of 317715?
3
What is the ten thousands digit of 20131177?
3
What is the hundreds digit of 39024?
0
What is the millions digit of 2263993?
2
What is the units digit of 226401?
1
What is the tens digit of 1760052?
5
What is the hundreds digit of 432305?
3
What is the units digit of 7065126?
6
What is the thousands digit of 924444?
4
What is the thousands digit of 11480396?
0
What is the ten thousands digit of 7842744?
4
What is the hundreds digit of 7208819?
8
What is the millions digit of 3013571?
3
What is the tens digit of 1070103?
0
What is the hundred thousands digit of 4463135?
4
What is the tens digit of 1295250?
5
What is the units digit of 935147?
7
What is the tens digit of 163060?
6
What is the thousands digit of 433331?
3
What is the hundred thousands digit of 1195502?
1
What is the hundreds digit of 289494?
4
What is the ten thousands digit of 2130323?
3
What is the hundreds digit of 279925?
9
What is the ten thousands digit of 214912?
1
What is the hundreds digit of 4085722?
7
What is the units digit of 115710?
0
What is the millions digit of 9600060?
9
What is the hundreds digit of 6892860?
8
What is the ten thousands digit of 4849449?
4
What is the hundreds digit of 263204?
2
What is the ten thousands digit of 3674040?
7
What is the tens digit of 76153?
5
What is the millions digit of 16154340?
6
What is the hundreds digit of 11684747?
7
What is the hundred thousands digit of 3617912?
6
What is the thousands digit of 33958489?
8
What is the tens digit of 2080728?
2
What is the tens digit of 3220026?
2
What is the thousands digit of 23373900?
3
What is the thousands digit of 22231897?
1
What is the hundred thousands digit of 795800?
7
What is the hundreds digit of 13557132?
1
What is the thousands digit of 248290?
8
What is the tens digit of 504551?
5
What is the tens digit of 1192925?
2
What is the hundreds digit of 3290046?
0
What is the millions digit of 14692826?
4
What is the ten millions digit of 33055770?
3
What is the hundred thousands digit of 302499?
3
What is the units digit of 466192?
2
What is the thousands digit of 3369476?
9
What is the units digit of 22366521?
1
What is the ten thousands digit of 609823?
0
What is the units digit of 1160029?
9
What is the tens digit of 433522?
2
What is the thousands digit of 554097?
4
What is the hundreds digit of 3194591?
5
What is the ten thousands digit of 469309?
6
What is the units digit of 264861?
1
What is the thousands digit of 258231?
8
What is the units digit of 148782?
2
What is the hundred thousands digit of 3264625?
2
What is the tens digit of 5829318?
1
What is the tens digit of 324033?
3
What is the tens digit of 694444?
4
What is the hundred thousands digit of 618922?
6
What is the ten thousands digit of 216360?
1
What is the hundreds digit of 21252263?
2
What is the millions digit of 6097754?
6
What is the hundreds digit of 545691?
6
What is the hundreds digit of 781277?
2
What is the thousands digit of 111889?
1
What is the ten thousands digit of 405809?
0
What is the hundreds digit of 507912?
9
What is the tens digit of 5418115?
1
What is the thousands digit of 175743?
5
What is the tens digit of 26850871?
7
What is the thousands digit of 15677?
5
What is the millions digit of 14567517?
4
What is the tens digit of 657681?
8
What is the hundreds digit of 8039581?
5
What is the hundred thousands digit of 292351?
2
What is the hundred thousands digit of 869148?
8
What is the hundreds digit of 17267?
2
What is the units digit of 291870?
0
What is the hundreds digit of 192977?
9
What is the ten thousands digit of 1597725?
9
What is the tens digit of 588982?
8
What is the units digit of 4026164?
4
What is the tens digit of 4388912?
1
What is the hundred thousands digit of 215570?
2
What is the units digit of 5189918?
8
What is the tens digit of 8966469?
6
What is the thousands digit of 7058496?
8
What is the units digit of 2367794?
4
What is the thousands digit of 213256?
3
What is the hundred thousands digit of 303974?
3
What is the hundred thousands digit of 580065?
5
What is the hundreds digit of 2270960?
9
What is the tens digit of 2774412?
1
What is the ten millions digit of 37067492?
3
What is the ten thousands digit of 243394?
4
What is the thousands digit of 2332264?
2
What is the units digit of 3297908?
8
What is the millions digit of 1912699?
1
What is the millions digit of 12108599?
2
What is the hundreds digit of 1626583?
5
What is the ten thousands digit of 2934491?
3
What is the hundred thousands digit of 113577?
1
What is the units digit of 36940232?
2
What is the ten thousands digit of 24086863?
8
What is the hundred thousands digit of 432780?
4
What is the hundreds digit of 16845532?
5
What is the millions digit of 1275978?
1
What is the thousands digit of 998170?
8
What is the tens digit of 3111733?
3
What is the hundreds digit of 207197?
1
What is the hundreds digit of 448589?
5
What is the hundreds digit of 147393?
3
What is the units digit of 33009482?
2
What is the hundred thousands digit of 1688331?
6
What is the ten thousands digit of 11156845?
5
What is the hundreds digit of 9302457?
4
What is the tens digit of 1346902?
0
What is the hundred thousands digit of 344763?
3
What is the hundred thousands digit of 16169774?
1
What is the ten thousands digit of 220184?
2
What is the hundreds digit of 781187?
1
What is the hundred thousands digit of 2174954?
1
What is the ten millions digit of 17743592?
1
What is the units digit of 6564203?
3
What is the thousands digit of 429285?
9
What is the hundred thousands digit of 3603002?
6
What is the ten thousands digit of 327287?
2
What is the ten thousands digit of 7302747?
0
What is the ten thousands digit of 4363591?
6
What is the ten thousands digit of 19325693?
2
What is the thousands digit of 6196193?
6
What is the ten thousands digit of 71719?
7
What is the thousands digit of 84546?
4
What is the units digit of 144770?
0
What is the hundreds digit of 503128?
1
What is the hundred thousands digit of 107236?
1
What is the thousands digit of 497457?
7
What is the hundred thousands digit of 396319?
3
What is the hundred thousands digit of 34116011?
1
What is the tens digit of 912963?
6
What is the ten thousands digit of 885960?
8
What is the hundreds digit of 44022?
0
What is the hundreds digit of 572932?
9
What is the units digit of 5473437?
7
What is the ten millions digit of 35664971?
3
What is the units digit of 2620406?
6
What is the hundred thousands digit of 214270?
2
What is the thousands digit of 7208325?
8
What is the hundred thousands digit of 7597345?
5
What is the thousands digit of 139930?
9
What is the hundred thousands digit of 1273477?
2
What is the tens digit of 6842123?
2
What is the hundreds digit of 58803?
8
What is the hundreds digit of 12542076?
0
What is the units digit of 6268619?
9
What is the ten thousands digit of 68642?
6
What is the units digit of 563738?
8
What is the hundreds digit of 34989?
9
What is the ten thousands digit of 20139061?
3
What is the units digit of 412490?
0
What is the thousands digit of 1478824?
8
What is the ten thousands digit of 707880?
0
What is the ten thousands digit of 9923064?
2
What is the thousands digit of 89577?
9
What is the hundred thousands digit of 637648?
6
What is the thousands digit of 1132744?
2
What is the ten thousands digit of 1338640?
3
What is the thousands digit of 4011